{"id":572,"date":"2024-10-23T18:01:16","date_gmt":"2024-10-23T18:01:16","guid":{"rendered":"https:\/\/comply.academy\/newsite\/product\/agrc-certificat-en-aml\/"},"modified":"2024-10-23T18:01:16","modified_gmt":"2024-10-23T18:01:16","slug":"agrc-certificat-en-aml","status":"publish","type":"product","link":"https:\/\/comply.academy\/newsite\/product\/agrc-certificat-en-aml\/","title":{"rendered":"AGRC Certificat en AML"},"content":{"rendered":"<p>A propos de l&#8217;Association of Governance, Risk &amp; Compliance (AGRC) L&#8217;AGRC est une organisation professionnelle mondiale \u00e0 but non lucratif d&#8217;accr\u00e9ditation et de certification, ainsi qu&#8217;une plateforme de mise en r\u00e9seau. L&#8217;AGRC vise \u00e0 faciliter l&#8217;\u00e9change de connaissances et le partage d&#8217;exp\u00e9riences entre les professionnels de la conformit\u00e9, du risque et de la gouvernance (GRC) dans le but de d\u00e9velopper sa communaut\u00e9 afin d&#8217;assurer la conformit\u00e9 r\u00e9glementaire multi-juridictionnelle dans les services financiers et d&#8217;\u00e9changer des valeurs, des exp\u00e9riences, de l&#8217;expertise et des opportunit\u00e9s professionnelles. Objectif de la certification Cette certification vise \u00e0 offrir aux individus les outils, les informations et les comp\u00e9tences n\u00e9cessaires pour devenir des professionnels tr\u00e8s demand\u00e9s par les institutions financi\u00e8res et autres organisations qui cherchent \u00e0 cr\u00e9er ou \u00e0 renforcer leurs divisions de lutte contre le blanchiment d&#8217;argent. Ce certificat permettra aux participants d&#8217;acqu\u00e9rir une connaissance approfondie de ce qui constitue le blanchiment d&#8217;argent et de ce qui a \u00e9t\u00e9 mis en pratique dans le monde entier pour le pr\u00e9venir ou le limiter d&#8217;un point de vue juridique, r\u00e9glementaire, politique, \u00e9conomique et de mise en oeuvre. Certificat et heures de formation Le nombre recommand\u00e9 d&#8217;heures d&#8217;apprentissage et de formation est de 15 \u00e0 20. Cela ne comprend pas le temps suppl\u00e9mentaire consacr\u00e9 \u00e0 l&#8217;\u00e9tude, \u00e0 la r\u00e9vision et \u00e0 la pr\u00e9paration de l&#8217;examen. Un candidat doit s&#8217;attendre \u00e0 consacrer 15 heures d&#8217;\u00e9tude suppl\u00e9mentaires pour r\u00e9ussir l&#8217;examen, en fonction de ses connaissances pr\u00e9alables et\/ou de son exp\u00e9rience professionnelle.<\/p>\n","protected":false},"excerpt":{"rendered":"<p>A propos de l&#8217;Association of Governance, Risk &amp; Compliance (AGRC) L&#8217;AGRC est une organisation professionnelle mondiale \u00e0 but non lucratif [&hellip;]<\/p>\n","protected":false},"featured_media":573,"comment_status":"open","ping_status":"closed","template":"","meta":{"site-sidebar-layout":"default","site-content-layout":"","ast-site-content-layout":"","site-content-style":"default","site-sidebar-style":"default","ast-global-header-display":"","ast-banner-title-visibility":"","ast-main-header-display":"","ast-hfb-above-header-display":"","ast-hfb-below-header-display":"","ast-hfb-mobile-header-display":"","site-post-title":"","ast-breadcrumbs-content":"","ast-featured-img":"","footer-sml-layout":"","theme-transparent-header-meta":"","adv-header-id-meta":"","stick-header-meta":"","header-above-stick-meta":"","header-main-stick-meta":"","header-below-stick-meta":"","astra-migrate-meta-layouts":"default","ast-page-background-enabled":"default","ast-page-background-meta":{"desktop":{"background-color":"var(--ast-global-color-4)","background-image":"","background-repeat":"repeat","background-position":"center center","background-size":"auto","background-attachment":"scroll","background-type":"","background-media":"","overlay-type":"","overlay-color":"","overlay-opacity":"","overlay-gradient":""},"tablet":{"background-color":"","background-image":"","background-repeat":"repeat","background-position":"center center","background-size":"auto","background-attachment":"scroll","background-type":"","background-media":"","overlay-type":"","overlay-color":"","overlay-opacity":"","overlay-gradient":""},"mobile":{"background-color":"","background-image":"","background-repeat":"repeat","background-position":"center center","background-size":"auto","background-attachment":"scroll","background-type":"","background-media":"","overlay-type":"","overlay-color":"","overlay-opacity":"","overlay-gradient":""}},"ast-content-background-meta":{"desktop":{"background-color":"var(--ast-global-color-5)","background-image":"","background-repeat":"repeat","background-position":"center center","background-size":"auto","background-attachment":"scroll","background-type":"","background-media":"","overlay-type":"","overlay-color":"","overlay-opacity":"","overlay-gradient":""},"tablet":{"background-color":"var(--ast-global-color-5)","background-image":"","background-repeat":"repeat","background-position":"center center","background-size":"auto","background-attachment":"scroll","background-type":"","background-media":"","overlay-type":"","overlay-color":"","overlay-opacity":"","overlay-gradient":""},"mobile":{"background-color":"var(--ast-global-color-5)","background-image":"","background-repeat":"repeat","background-position":"center center","background-size":"auto","background-attachment":"scroll","background-type":"","background-media":"","overlay-type":"","overlay-color":"","overlay-opacity":"","overlay-gradient":""}}},"product_cat":[17],"product_tag":[],"class_list":{"0":"post-572","1":"product","2":"type-product","3":"status-publish","4":"has-post-thumbnail","6":"product_cat-uncategorized","7":"desktop-align-left","8":"tablet-align-left","9":"mobile-align-left","11":"first","12":"instock","13":"virtual","14":"sold-individually","15":"purchasable","16":"product-type-simple"},"yoast_head":"<!-- This site is optimized with the Yoast SEO plugin v23.6 - https:\/\/yoast.com\/wordpress\/plugins\/seo\/ -->\n<title>AGRC Certificat en AML - Hephaestus II Fund<\/title>\n<meta name=\"robots\" content=\"noindex, follow, max-snippet:-1, max-image-preview:large, max-video-preview:-1\" \/>\n<meta property=\"og:locale\" content=\"en_US\" \/>\n<meta property=\"og:type\" content=\"article\" \/>\n<meta property=\"og:title\" content=\"AGRC Certificat en AML - Hephaestus II Fund\" \/>\n<meta property=\"og:description\" content=\"A propos de l&#8217;Association of Governance, Risk &amp; Compliance (AGRC) L&#8217;AGRC est une organisation professionnelle mondiale \u00e0 but non lucratif [&hellip;]\" \/>\n<meta property=\"og:url\" content=\"https:\/\/comply.academy\/newsite\/product\/agrc-certificat-en-aml\/\" \/>\n<meta property=\"og:site_name\" content=\"Hephaestus II Fund\" \/>\n<meta property=\"og:image\" content=\"https:\/\/comply.academy\/newsite\/wp-content\/uploads\/2024\/10\/1706351920_Banner1.png\" \/>\n\t<meta property=\"og:image:width\" content=\"240\" \/>\n\t<meta property=\"og:image:height\" content=\"160\" \/>\n\t<meta property=\"og:image:type\" content=\"image\/png\" \/>\n<meta name=\"twitter:card\" content=\"summary_large_image\" \/>\n<meta name=\"twitter:label1\" content=\"Est. reading time\" \/>\n\t<meta name=\"twitter:data1\" content=\"1 minute\" \/>\n<script type=\"application\/ld+json\" class=\"yoast-schema-graph\">{\"@context\":\"https:\/\/schema.org\",\"@graph\":[{\"@type\":\"WebPage\",\"@id\":\"https:\/\/comply.academy\/newsite\/product\/agrc-certificat-en-aml\/\",\"url\":\"https:\/\/comply.academy\/newsite\/product\/agrc-certificat-en-aml\/\",\"name\":\"AGRC Certificat en AML - Hephaestus II Fund\",\"isPartOf\":{\"@id\":\"https:\/\/comply.academy\/newsite\/#website\"},\"primaryImageOfPage\":{\"@id\":\"https:\/\/comply.academy\/newsite\/product\/agrc-certificat-en-aml\/#primaryimage\"},\"image\":{\"@id\":\"https:\/\/comply.academy\/newsite\/product\/agrc-certificat-en-aml\/#primaryimage\"},\"thumbnailUrl\":\"https:\/\/comply.academy\/newsite\/wp-content\/uploads\/2024\/10\/1706351920_Banner1.png\",\"datePublished\":\"2024-10-23T18:01:16+00:00\",\"dateModified\":\"2024-10-23T18:01:16+00:00\",\"breadcrumb\":{\"@id\":\"https:\/\/comply.academy\/newsite\/product\/agrc-certificat-en-aml\/#breadcrumb\"},\"inLanguage\":\"en-US\",\"potentialAction\":[{\"@type\":\"ReadAction\",\"target\":[\"https:\/\/comply.academy\/newsite\/product\/agrc-certificat-en-aml\/\"]}]},{\"@type\":\"ImageObject\",\"inLanguage\":\"en-US\",\"@id\":\"https:\/\/comply.academy\/newsite\/product\/agrc-certificat-en-aml\/#primaryimage\",\"url\":\"https:\/\/comply.academy\/newsite\/wp-content\/uploads\/2024\/10\/1706351920_Banner1.png\",\"contentUrl\":\"https:\/\/comply.academy\/newsite\/wp-content\/uploads\/2024\/10\/1706351920_Banner1.png\",\"width\":240,\"height\":160},{\"@type\":\"BreadcrumbList\",\"@id\":\"https:\/\/comply.academy\/newsite\/product\/agrc-certificat-en-aml\/#breadcrumb\",\"itemListElement\":[{\"@type\":\"ListItem\",\"position\":1,\"name\":\"Home\",\"item\":\"https:\/\/comply.academy\/newsite\/\"},{\"@type\":\"ListItem\",\"position\":2,\"name\":\"Shop\",\"item\":\"https:\/\/comply.academy\/newsite\/shop\/\"},{\"@type\":\"ListItem\",\"position\":3,\"name\":\"AGRC Certificat en AML\"}]},{\"@type\":\"WebSite\",\"@id\":\"https:\/\/comply.academy\/newsite\/#website\",\"url\":\"https:\/\/comply.academy\/newsite\/\",\"name\":\"Hephaestus II Fund\",\"description\":\"Invest in Green Energy\",\"potentialAction\":[{\"@type\":\"SearchAction\",\"target\":{\"@type\":\"EntryPoint\",\"urlTemplate\":\"https:\/\/comply.academy\/newsite\/?s={search_term_string}\"},\"query-input\":{\"@type\":\"PropertyValueSpecification\",\"valueRequired\":true,\"valueName\":\"search_term_string\"}}],\"inLanguage\":\"en-US\"}]}<\/script>\n<!-- \/ Yoast SEO plugin. -->","yoast_head_json":{"title":"AGRC Certificat en AML - Hephaestus II Fund","robots":{"index":"noindex","follow":"follow","max-snippet":"max-snippet:-1","max-image-preview":"max-image-preview:large","max-video-preview":"max-video-preview:-1"},"og_locale":"en_US","og_type":"article","og_title":"AGRC Certificat en AML - Hephaestus II Fund","og_description":"A propos de l&#8217;Association of Governance, Risk &amp; Compliance (AGRC) L&#8217;AGRC est une organisation professionnelle mondiale \u00e0 but non lucratif [&hellip;]","og_url":"https:\/\/comply.academy\/newsite\/product\/agrc-certificat-en-aml\/","og_site_name":"Hephaestus II Fund","og_image":[{"width":240,"height":160,"url":"https:\/\/comply.academy\/newsite\/wp-content\/uploads\/2024\/10\/1706351920_Banner1.png","type":"image\/png"}],"twitter_card":"summary_large_image","twitter_misc":{"Est. reading time":"1 minute"},"schema":{"@context":"https:\/\/schema.org","@graph":[{"@type":"WebPage","@id":"https:\/\/comply.academy\/newsite\/product\/agrc-certificat-en-aml\/","url":"https:\/\/comply.academy\/newsite\/product\/agrc-certificat-en-aml\/","name":"AGRC Certificat en AML - Hephaestus II Fund","isPartOf":{"@id":"https:\/\/comply.academy\/newsite\/#website"},"primaryImageOfPage":{"@id":"https:\/\/comply.academy\/newsite\/product\/agrc-certificat-en-aml\/#primaryimage"},"image":{"@id":"https:\/\/comply.academy\/newsite\/product\/agrc-certificat-en-aml\/#primaryimage"},"thumbnailUrl":"https:\/\/comply.academy\/newsite\/wp-content\/uploads\/2024\/10\/1706351920_Banner1.png","datePublished":"2024-10-23T18:01:16+00:00","dateModified":"2024-10-23T18:01:16+00:00","breadcrumb":{"@id":"https:\/\/comply.academy\/newsite\/product\/agrc-certificat-en-aml\/#breadcrumb"},"inLanguage":"en-US","potentialAction":[{"@type":"ReadAction","target":["https:\/\/comply.academy\/newsite\/product\/agrc-certificat-en-aml\/"]}]},{"@type":"ImageObject","inLanguage":"en-US","@id":"https:\/\/comply.academy\/newsite\/product\/agrc-certificat-en-aml\/#primaryimage","url":"https:\/\/comply.academy\/newsite\/wp-content\/uploads\/2024\/10\/1706351920_Banner1.png","contentUrl":"https:\/\/comply.academy\/newsite\/wp-content\/uploads\/2024\/10\/1706351920_Banner1.png","width":240,"height":160},{"@type":"BreadcrumbList","@id":"https:\/\/comply.academy\/newsite\/product\/agrc-certificat-en-aml\/#breadcrumb","itemListElement":[{"@type":"ListItem","position":1,"name":"Home","item":"https:\/\/comply.academy\/newsite\/"},{"@type":"ListItem","position":2,"name":"Shop","item":"https:\/\/comply.academy\/newsite\/shop\/"},{"@type":"ListItem","position":3,"name":"AGRC Certificat en AML"}]},{"@type":"WebSite","@id":"https:\/\/comply.academy\/newsite\/#website","url":"https:\/\/comply.academy\/newsite\/","name":"Hephaestus II Fund","description":"Invest in Green Energy","potentialAction":[{"@type":"SearchAction","target":{"@type":"EntryPoint","urlTemplate":"https:\/\/comply.academy\/newsite\/?s={search_term_string}"},"query-input":{"@type":"PropertyValueSpecification","valueRequired":true,"valueName":"search_term_string"}}],"inLanguage":"en-US"}]}},"_links":{"self":[{"href":"https:\/\/comply.academy\/newsite\/wp-json\/wp\/v2\/product\/572","targetHints":{"allow":["GET"]}}],"collection":[{"href":"https:\/\/comply.academy\/newsite\/wp-json\/wp\/v2\/product"}],"about":[{"href":"https:\/\/comply.academy\/newsite\/wp-json\/wp\/v2\/types\/product"}],"replies":[{"embeddable":true,"href":"https:\/\/comply.academy\/newsite\/wp-json\/wp\/v2\/comments?post=572"}],"wp:featuredmedia":[{"embeddable":true,"href":"https:\/\/comply.academy\/newsite\/wp-json\/wp\/v2\/media\/573"}],"wp:attachment":[{"href":"https:\/\/comply.academy\/newsite\/wp-json\/wp\/v2\/media?parent=572"}],"wp:term":[{"taxonomy":"product_cat","embeddable":true,"href":"https:\/\/comply.academy\/newsite\/wp-json\/wp\/v2\/product_cat?post=572"},{"taxonomy":"product_tag","embeddable":true,"href":"https:\/\/comply.academy\/newsite\/wp-json\/wp\/v2\/product_tag?post=572"}],"curies":[{"name":"wp","href":"https:\/\/api.w.org\/{rel}","templated":true}]}}